67)/(1/(-59)) is divided by m(-3).
5
Suppose 0*l - 5*c - 23 = -4*l, -5 = -5*c. Suppose 0 = -l*u + 2*u + 8*u. Suppose u = 3*p - 4*p + 25. Calculate the remainder when p is divided by 9.
7
Let j = -7614 + 8246. What is the remainder when j is divided by 71?
64
Suppose 9*z - 28*z = -95. Suppose 0 = 6*c - z*c - 5. What is the remainder when 31 is divided by c?
1
Let l(p) = 5*p**2 + 9. What is the remainder when l(7) is divided by (3/(-2)*(-4)/3)/((-217)/(-3472))?
30
Suppose -2*q - 2*q = -16. Suppose -2*t + 15 + 16 = 5*d, -q*t + 86 = 2*d. Suppose 4*y - 56 = 112. What is the remainder when y is divided by t?
19
Suppose 3*z - k = -3*k + 56, 2*z + 3*k = 34. Calculate the remainder when (2 - 3)/(11/(-506)) is divided by z.
6
Let m = 31098 + -21698. Calculate the remainder when m is divided by 15.
10
Suppose 12*m = -66 - 66. Let y be 2*m*(84/(-8) + -2). Suppose -16*w + y = -2845. Calculate the remainder when w is divided by 28.
27
Suppose 4*w = -4*j + 40928, 4*w + 367*j - 362*j - 40931 = 0. Calculate the remainder when w is divided by 6.
5
Let x(h) = 3*h**3 + 93*h**2 + 15*h + 1154. What is the remainder when 1388 is divided by x(-31)?
10
Suppose -2*r + 3*p = -r + 86, -3*p = -2*r - 178. Let o = 37 - r. What is the remainder when o is divided by 19?
15
Suppose 3*v = 3, 2050 = 4*b - 2*v - 924. Suppose -b = -8*p + 16. What is the remainder when p is divided by 9?
5
Let s(l) = 69*l**2 + 14*l - 90. Calculate the remainder when s(-5) is divided by 27.
26
Suppose -2*h = 2*v - 432 + 112, -h = 5*v - 164. Calculate the remainder when 474 is divided by h.
156
Let a(l) = -l - 25. Let k be a(-12). Suppose -4*g + o - 72 = 0, -g - 5*o = 1 + 17. Let u = k - g. Calculate the remainder when 28 is divided by u.
3
Let h be 74/20 + 174/580. Suppose -5*u + 2*o + 3*o + 345 = 0, h*u - 3*o = 271. Calculate the remainder when u is divided by 17.
13
Let u(m) = 10*m + 34. Let z be u(5). Calculate the remainder when 58 is divided by 5*(0 - z/(-20) - 3).
4
Suppose -5*w + w + 3*w = 0. Suppose -p - 3*g - 167 = w, 0 = -9*p + 4*p + 3*g - 781. Let r = -107 - p. Calculate the remainder when r is divided by 8.
3
What is the remainder when 5977 is divided by 196/(-6)*9/(-6)?
48
Suppose -3*z - 5*g - 14 = -7, 0 = 3*g + 24. What is the remainder when 630 is divided by z?
3
Let f = 51 + 12. Suppose -2*l - 5*c - 11 = 0, -3*l = l + 2*c - 2. Suppose 2*b = -l*b + 132. What is the remainder when f is divided by b?
30
Let p = -7 + 11. What is the remainder when (-8)/6*-12 + p is divided by 9?
2
Let u(m) = 31*m**2 + 22*m + 2. What is the remainder when 1185 is divided by u(-2)?
37
Let d be (16/(-24))/(3/(-72)*2). Suppose 20*g - 312 = d*g. What is the remainder when 75 is divided by g?
23
What is the remainder when -350*(-6 - (-319)/55)/((-4)/(-10)) is divided by 13?
6
Let g = 589 + -162. What is the remainder when g is divided by (10/(-80)*4)/(2/(-156))?
37
Suppose 3*f - 5*n - 751 = 0, -4*n = -5*f + 389 + 854. Calculate the remainder when f is divided by 27.
4
Let z be 3 + 348 + 2/2. Suppose c - z = -4*n + 5*c, -2*n + 181 = 3*c. Calculate the remainder when n is divided by (-16215)/846*36/(-30).
20
Suppose k + 54 = 4*v + 3*k, 51 = 4*v + 3*k. Let f(g) = g**2 + 61*g + 581. What is the remainder when f(-51) is divided by v?
11
Let b be ((-8)/(-24))/((-2)/(-438)). Let q(g) = -4*g**2 - 5*g - 12. Let w be q(-3). Let u = b + w. Calculate the remainder when u is divided by 14.
12
Let v(u) = 11*u**2 + 2*u + 49. Calculate the remainder when 294 is divided by v(0).
0
Let c = 919 + -837. Calculate the remainder when 1555 is divided by c.
79
Let m = 14407 - 5627. Suppose 21*g - m = 3484. Calculate the remainder when g is divided by 65.
64
Calculate the remainder when 2 + 12/(-4) + (-1351)/(-1) is divided by 33.
30
Suppose 868 = 4*w - 4*z, -4*z + 640 = 5*w - 400. Calculate the remainder when w is divided by 91.
30
Suppose 471 = 3*l - 1959. Suppose -l = -11*t - 16*t. Calculate the remainder when t is divided by 18.
12
Let u(z) = 16*z - 4. Let t = -70 - -71. Suppose 3*r = 56 - 8. Calculate the remainder when r is divided by u(t).
4
Suppose 0 = i + 18*z - 20*z - 68, i = -z + 47. What is the remainder when 0 + -2 - (7 - 548) is divided by i?
53
Let a be (4 + -3)*(-15)/(-3). Let k(y) = -y**3 - 12*y**2 - 15*y + 13. Let c be k(-11). Calculate the remainder when 13 is divided by 6/10 + c/a.
1
Suppose 7*d + 159 = 10*d. Let m = -50 + d. Let j = -1 - -4. Calculate the remainder when j is divided by m.
0
Suppose 5*y - 26*t - 462 = -25*t, -y + 84 = -3*t. Calculate the remainder when 4555 is divided by y.
91
Suppose 22 = 5*v - 68. Suppose 267 = -17*c + 14*c. Let a = c + 160. What is the remainder when a is divided by v?
17
Let n = 16 - 14. Suppose -2*i - n*i + 60 = -4*p, -4*p = 2*i - 12. Calculate the remainder when i is divided by 0 - (-11 - -6)/1.
2
Suppose 3*y - 43 = -7. Suppose 4*p - y = 332. Calculate the remainder when p is divided by 29.
28
Suppose t = 3*m - 34, 5*m + 5*t - 41 = 49. Suppose l - 18 = -m. Suppose 4*h + 20 + 47 = l*w, -3*w = -4*h - 45. Calculate the remainder when 53 is divided by w.
9
Suppose 5*q - 8 - 17 = 0. Suppose 5*o + 86 = 2*f - 478, 3*o + 1410 = q*f. Suppose 144 + f = 6*a. What is the remainder when a is divided by 15?
11
Let q = 6210 - 6198. Suppose -3*p - l = -122, -164 = 2*p - 6*p - l. What is the remainder when p is divided by q?
6
Let s(r) = -r**3 + 8*r**2 - 11*r + 104. Let o be s(7). Suppose -o = 14*y - 230. What is the remainder when 75 is divided by y?
9
Let n(s) = 8*s + 10. Let g(y) = 3*y + 1. Let t(i) = 4*g(i) - 2*n(i). Let z = -12 - 2. Calculate the remainder when t(z) is divided by 9.
4
Let u = 127 - 74. Let n(y) = -2*y**3 - 7*y**2 + 38*y + 140. What is the remainder when u is divided by n(-5)?
3
Let x = -3716 - -5211. Calculate the remainder when x is divided by 483.
46
Let q = -1095 - -1109. Calculate the remainder when 40 is divided by q.
12
Let v be 486/4 - 3/(-6). Let q = 283 - v. Calculate the remainder when q is divided by 41.
38
Calculate the remainder when ((-46)/7)/((-762)/8001) is divided by 41.
28
What is the remainder when 159/(-6)*-12*(-8)/(-16) is divided by 106?
53
Let l be ((-64)/(-36))/(-8) - 6832/36. Let b = -177 - l. What is the remainder when 74 is divided by b?
9
Let x be ((-270)/(-225))/((-6)/(-50)). Let c = x - -12. Calculate the remainder when 130 is divided by c.
20
Let a(g) = -2*g**3 + 20*g**2 - 2*g + 38. Let i be a(12). Let v = i + 739. What is the remainder when v is divided by 6?
3
Let j(m) = 7*m - 13 - 5*m - 3*m. Let o be j(-12). What is the remainder when 43 is divided by (12 - o) + (-4)/1?
7
Let j be (342/(-3))/(2 + -1). Let z = 226 - j. Calculate the remainder when z is divided by 57.
55
Let a(h) = h**2 - 16*h + 20. Let w = -24 + 39. Let d be a(w). Suppose 2*c - 33 = d. What is the remainder when 37 is divided by c?
18
Suppose 4*k + b + 24 = 5*k, 119 = 5*k - 4*b. Let a(d) = 4*d**3 + 2*d**2 + 4*d + 3. Let j be a(-2). Let c = 41 + j. What is the remainder when k is divided by c?
11
Let b(g) = 4*g + 67. Let i = 99 + -115. Let c be b(i). Let j(v) = v**2 + 4*v - 3. Calculate the remainder when 63 is divided by j(c).
9
Suppose -151*z + 266 = 3*y - 155*z, -5*z = y - 76. Calculate the remainder when y is divided by 60.
26
Let a(s) = 2*s**2 + 5*s - 2. Suppose 4*h = 2*l - 440, 2*l - 237 - 91 = 3*h. Let b = h + 125. Calculate the remainder when a(-5) is divided by b.
10
Suppose -4*b + 3488 = -4*v, 836 = b + 1723*v - 1728*v. What is the remainder when b is divided by 14?
13
Let l be 70/(-22) - 2/(-11). Let q = 457 - 422. Calculate the remainder when q is divided by 3 - (l + (-1 - -1)).
5
Let t = -5840 + 9391. What is the remainder when t is divided by 111?
110
Let l(b) = -b**3 + 8*b**2 + 9*b + 8. Calculate the remainder when (12/(-28))/(9/2) - (-127920)/1638 is divided by l(9).
6
Suppose 2*k - 684 = -464. Suppose 0 = -4*n + 5*p + 244, -4*p + k = 5*n - 236. What is the remainder when 261 is divided by n?
63
Suppose -85 = -3*j + 4*a, -23 = -j + a + 4. Suppose 107*u - 68*u - 1755 = 0. What is the remainder when u is divided by 1 + (-3)/3 + j?
22
Suppose -5*q - 1 - 80 = -4*b, b = 4*q + 34. Suppose -d - 3*r - 21 = 0, -139*r = 5*d - 128*r + 69. Calculate the remainder when b is divided by d.
2
Suppose 5*j - 301 = -3*g, 7*j - 304 = 2*j - 2*g. What is the remainder when 